{"id":925,"date":"2026-03-13T14:32:20","date_gmt":"2026-03-13T12:32:20","guid":{"rendered":"https:\/\/www.cc.puv.fi\/~e2502579\/wordpress\/contact\/"},"modified":"2026-04-28T11:24:14","modified_gmt":"2026-04-28T08:24:14","slug":"kumppanit","status":"publish","type":"page","link":"https:\/\/www.cc.puv.fi\/~e2502579\/wordpress\/kumppanit\/","title":{"rendered":"Kumppanit"},"content":{"rendered":"\t\t<div data-elementor-type=\"wp-page\" data-elementor-id=\"925\" class=\"elementor elementor-925\">\n\t\t\t\t<div class=\"elementor-element elementor-element-0990992 e-con-full e-flex e-con e-parent\" data-id=\"0990992\" data-element_type=\"container\" data-e-type=\"container\" data-settings=\"{&quot;background_background&quot;:&quot;classic&quot;}\">\n\t\t\t\t<div class=\"elementor-element elementor-element-0536f43 elementor-widget elementor-widget-heading\" data-id=\"0536f43\" data-element_type=\"widget\" data-e-type=\"widget\" data-settings=\"{&quot;_animation&quot;:&quot;none&quot;}\" data-widget_type=\"heading.default\">\n\t\t\t\t<div class=\"elementor-widget-container\">\n\t\t\t\t\t<h1 class=\"elementor-heading-title elementor-size-default\">KUMPPANIT<\/h1>\t\t\t\t<\/div>\n\t\t\t\t<\/div>\n\t\t\t\t<\/div>\n\t\t<div class=\"elementor-element elementor-element-33bc2a5 e-flex e-con-boxed e-con e-parent\" data-id=\"33bc2a5\" data-element_type=\"container\" data-e-type=\"container\" data-settings=\"{&quot;background_background&quot;:&quot;classic&quot;}\">\n\t\t\t\t\t<div class=\"e-con-inner\">\n\t\t<div class=\"elementor-element elementor-element-de40617 e-con-full e-flex e-con e-child\" data-id=\"de40617\" data-element_type=\"container\" data-e-type=\"container\" data-settings=\"{&quot;background_background&quot;:&quot;classic&quot;}\">\n\t\t\t\t<\/div>\n\t\t<div class=\"elementor-element elementor-element-472e949 e-con-full e-flex e-con e-child\" data-id=\"472e949\" data-element_type=\"container\" data-e-type=\"container\">\n\t\t\t\t<div class=\"elementor-element elementor-element-2443165 elementor-widget elementor-widget-heading\" data-id=\"2443165\" data-element_type=\"widget\" data-e-type=\"widget\" data-widget_type=\"heading.default\">\n\t\t\t\t<div class=\"elementor-widget-container\">\n\t\t\t\t\t<h2 class=\"elementor-heading-title elementor-size-default\">Toiminta rakentuu<\/h2>\t\t\t\t<\/div>\n\t\t\t\t<\/div>\n\t\t\t\t<div class=\"elementor-element elementor-element-0cd3acb elementor-widget elementor-widget-heading\" data-id=\"0cd3acb\" data-element_type=\"widget\" data-e-type=\"widget\" data-widget_type=\"heading.default\">\n\t\t\t\t<div class=\"elementor-widget-container\">\n\t\t\t\t\t<h2 class=\"elementor-heading-title elementor-size-default\">vahvalle yhteisty\u00f6lle<\/h2>\t\t\t\t<\/div>\n\t\t\t\t<\/div>\n\t\t\t\t<div class=\"elementor-element elementor-element-927f07c elementor-widget-divider--view-line elementor-widget elementor-widget-divider\" data-id=\"927f07c\" data-element_type=\"widget\" data-e-type=\"widget\" data-widget_type=\"divider.default\">\n\t\t\t\t<div class=\"elementor-widget-container\">\n\t\t\t\t\t\t\t<div class=\"elementor-divider\">\n\t\t\t<span class=\"elementor-divider-separator\">\n\t\t\t\t\t\t<\/span>\n\t\t<\/div>\n\t\t\t\t\t\t<\/div>\n\t\t\t\t<\/div>\n\t\t\t\t<div class=\"elementor-element elementor-element-334de3eb elementor-widget elementor-widget-text-editor\" data-id=\"334de3eb\" data-element_type=\"widget\" data-e-type=\"widget\" data-widget_type=\"text-editor.default\">\n\t\t\t\t<div class=\"elementor-widget-container\">\n\t\t\t\t\t\t\t\t\t<p>Kumppanimme mahdollistavat naisten huippupes\u00e4pallon Vaasassa ja saavat samalla n\u00e4kyvyytt\u00e4, el\u00e4myksi\u00e4 ja paikallista vaikuttavuutta.<\/p>\n<p><!-- \/wp:paragraph --><!-- wp:paragraph --><\/p>\n<p><!-- \/wp:paragraph --><\/p>\t\t\t\t\t\t\t\t<\/div>\n\t\t\t\t<\/div>\n\t\t\t\t<\/div>\n\t\t\t\t\t<\/div>\n\t\t\t\t<\/div>\n\t\t<div class=\"elementor-element elementor-element-769b3f2 e-flex e-con-boxed e-con e-parent\" data-id=\"769b3f2\" data-element_type=\"container\" data-e-type=\"container\">\n\t\t\t\t\t<div class=\"e-con-inner\">\n\t\t\t\t<div class=\"elementor-element elementor-element-5ddf5d9 elementor-widget elementor-widget-heading\" data-id=\"5ddf5d9\" data-element_type=\"widget\" data-e-type=\"widget\" data-settings=\"{&quot;_animation&quot;:&quot;none&quot;}\" data-widget_type=\"heading.default\">\n\t\t\t\t<div class=\"elementor-widget-container\">\n\t\t\t\t\t<h2 class=\"elementor-heading-title elementor-size-default\">P\u00e4\u00e4yhteisty\u00f6kumppanit<\/h2>\t\t\t\t<\/div>\n\t\t\t\t<\/div>\n\t\t\t\t<div class=\"elementor-element elementor-element-778409e elementor-widget-divider--view-line elementor-widget elementor-widget-divider\" data-id=\"778409e\" data-element_type=\"widget\" data-e-type=\"widget\" data-settings=\"{&quot;_animation&quot;:&quot;none&quot;}\" data-widget_type=\"divider.default\">\n\t\t\t\t<div class=\"elementor-widget-container\">\n\t\t\t\t\t\t\t<div class=\"elementor-divider\">\n\t\t\t<span class=\"elementor-divider-separator\">\n\t\t\t\t\t\t<\/span>\n\t\t<\/div>\n\t\t\t\t\t\t<\/div>\n\t\t\t\t<\/div>\n\t\t\t\t\t<\/div>\n\t\t\t\t<\/div>\n\t\t<div class=\"elementor-element elementor-element-ab65833 e-flex e-con-boxed e-con e-parent\" data-id=\"ab65833\" data-element_type=\"container\" data-e-type=\"container\">\n\t\t\t\t\t<div class=\"e-con-inner\">\n\t\t\t\t<div class=\"elementor-element elementor-element-cf6d991 elementor-widget elementor-widget-html\" data-id=\"cf6d991\" data-element_type=\"widget\" data-e-type=\"widget\" data-widget_type=\"html.default\">\n\t\t\t\t<div class=\"elementor-widget-container\">\n\t\t\t\t\t<style>\r\n.main-partner-grid {\r\n  display: grid;\r\n  grid-template-columns: repeat(3, minmax(0, 1fr));\r\n  gap: 24px;\r\n  margin: 0;\r\n}\r\n\r\n.main-partner-card {\r\n  background: #ffffff;\r\n  border: 1px solid #e6ebf0;\r\n  border-radius: 16px;\r\n  padding: 24px;\r\n  min-height: 190px;\r\n  display: flex;\r\n  align-items: center;\r\n  justify-content: center;\r\n  box-sizing: border-box;\r\n  transition: transform 0.2s ease, box-shadow 0.2s ease;\r\n}\r\n\r\n.main-partner-card:hover {\r\n  transform: translateY(-4px);\r\n  box-shadow: 0 12px 28px rgba(0, 0, 0, 0.08);\r\n}\r\n\r\n.main-partner-card a {\r\n  display: flex;\r\n  align-items: center;\r\n  justify-content: center;\r\n  width: 100%;\r\n  text-decoration: none;\r\n}\r\n\r\n.main-partner-card img {\r\n  max-width: 100%;\r\n  max-height: 95px;\r\n  width: auto;\r\n  height: auto;\r\n  object-fit: contain;\r\n  display: block;\r\n}\r\n\r\n@media (max-width: 1024px) {\r\n  .main-partner-grid {\r\n    grid-template-columns: repeat(2, minmax(0, 1fr));\r\n  }\r\n}\r\n\r\n@media (max-width: 767px) {\r\n  .main-partner-grid {\r\n    grid-template-columns: 1fr;\r\n    gap: 16px;\r\n  }\r\n\r\n  .main-partner-card {\r\n    min-height: 150px;\r\n    padding: 18px;\r\n  }\r\n\r\n  .main-partner-card img {\r\n    max-height: 72px;\r\n  }\r\n}\r\n<\/style>\r\n\r\n<div class=\"main-partner-grid\">\r\n  <div class=\"main-partner-card\">\r\n    <a href=\"https:\/\/www.vaasansahko.fi\/\" target=\"_blank\" rel=\"noopener noreferrer\">\r\n      <img decoding=\"async\" src=\"https:\/\/www.cc.puv.fi\/~e2502579\/wordpress\/wp-content\/uploads\/2026\/03\/vaasansahko.png\" alt=\"Vaasan S\u00e4hk\u00f6\">\r\n    <\/a>\r\n  <\/div>\r\n\r\n  <div class=\"main-partner-card\">\r\n    <a href=\"https:\/\/www.vaasa.fi\/\" target=\"_blank\" rel=\"noopener noreferrer\">\r\n      <img decoding=\"async\" src=\"https:\/\/www.cc.puv.fi\/~e2502579\/wordpress\/wp-content\/uploads\/2026\/03\/vaasa.png\" alt=\"Vaasan kaupunki\">\r\n    <\/a>\r\n  <\/div>\r\n\r\n  <div class=\"main-partner-card\">\r\n    <a href=\"https:\/\/www.wartsila.com\/\" target=\"_blank\" rel=\"noopener noreferrer\">\r\n      <img decoding=\"async\" src=\"https:\/\/www.cc.puv.fi\/~e2502579\/wordpress\/wp-content\/uploads\/2026\/03\/wart.png\" alt=\"W\u00e4rtsil\u00e4 Finland\">\r\n    <\/a>\r\n  <\/div>\r\n\r\n  <div class=\"main-partner-card\">\r\n    <a href=\"https:\/\/global.abb\/group\/en\" target=\"_blank\" rel=\"noopener noreferrer\">\r\n      <img decoding=\"async\" src=\"https:\/\/www.cc.puv.fi\/~e2502579\/wordpress\/wp-content\/uploads\/2026\/03\/abb.png\" alt=\"ABB\">\r\n    <\/a>\r\n  <\/div>\r\n\r\n  <div class=\"main-partner-card\">\r\n    <a href=\"https:\/\/westgroup.fi\/\" target=\"_blank\" rel=\"noopener noreferrer\">\r\n      <img decoding=\"async\" src=\"https:\/\/www.cc.puv.fi\/~e2502579\/wordpress\/wp-content\/uploads\/2026\/03\/westgroup.png\" alt=\"WestGroup\">\r\n    <\/a>\r\n  <\/div>\r\n\r\n  <div class=\"main-partner-card\">\r\n    <a href=\"#\" target=\"_blank\" rel=\"noopener noreferrer\">\r\n      <img decoding=\"async\" src=\"https:\/\/www.cc.puv.fi\/~e2502579\/wordpress\/wp-content\/uploads\/2026\/03\/miiaakkinen.png\" alt=\"Miia \u00c4kkinen Oy\">\r\n    <\/a>\r\n  <\/div>\r\n<\/div>\r\n\t\t\t\t<\/div>\n\t\t\t\t<\/div>\n\t\t\t\t\t<\/div>\n\t\t\t\t<\/div>\n\t\t<div class=\"elementor-element elementor-element-8f163c8 e-flex e-con-boxed e-con e-parent\" data-id=\"8f163c8\" data-element_type=\"container\" data-e-type=\"container\">\n\t\t\t\t\t<div class=\"e-con-inner\">\n\t\t\t\t<div class=\"elementor-element elementor-element-8653bc5 elementor-widget elementor-widget-heading\" data-id=\"8653bc5\" data-element_type=\"widget\" data-e-type=\"widget\" data-settings=\"{&quot;_animation&quot;:&quot;none&quot;}\" data-widget_type=\"heading.default\">\n\t\t\t\t<div class=\"elementor-widget-container\">\n\t\t\t\t\t<h2 class=\"elementor-heading-title elementor-size-default\">Yhteisty\u00f6kumppanit<\/h2>\t\t\t\t<\/div>\n\t\t\t\t<\/div>\n\t\t\t\t<div class=\"elementor-element elementor-element-b4a4b35 elementor-widget-divider--view-line elementor-widget elementor-widget-divider\" data-id=\"b4a4b35\" data-element_type=\"widget\" data-e-type=\"widget\" data-settings=\"{&quot;_animation&quot;:&quot;none&quot;}\" data-widget_type=\"divider.default\">\n\t\t\t\t<div class=\"elementor-widget-container\">\n\t\t\t\t\t\t\t<div class=\"elementor-divider\">\n\t\t\t<span class=\"elementor-divider-separator\">\n\t\t\t\t\t\t<\/span>\n\t\t<\/div>\n\t\t\t\t\t\t<\/div>\n\t\t\t\t<\/div>\n\t\t\t\t\t<\/div>\n\t\t\t\t<\/div>\n\t\t<div class=\"elementor-element elementor-element-c9bfd3e e-flex e-con-boxed e-con e-parent\" data-id=\"c9bfd3e\" data-element_type=\"container\" data-e-type=\"container\">\n\t\t\t\t\t<div class=\"e-con-inner\">\n\t\t\t\t<div class=\"elementor-element elementor-element-a629e3e elementor-widget elementor-widget-html\" data-id=\"a629e3e\" data-element_type=\"widget\" data-e-type=\"widget\" data-widget_type=\"html.default\">\n\t\t\t\t<div class=\"elementor-widget-container\">\n\t\t\t\t\t<style>\r\n.partner-grid-secondary {\r\n  display: grid;\r\n  grid-template-columns: repeat(4, minmax(0, 1fr));\r\n  gap: 18px;\r\n  margin: 0;\r\n}\r\n\r\n.partner-card-secondary {\r\n  background: #ffffff;\r\n  border: 1px solid #e6ebf0;\r\n  border-radius: 12px;\r\n  padding: 16px;\r\n  min-height: 140px;\r\n  display: flex;\r\n  align-items: center;\r\n  justify-content: center;\r\n  box-sizing: border-box;\r\n  transition: transform 0.2s ease, box-shadow 0.2s ease;\r\n}\r\n\r\n.partner-card-secondary:hover {\r\n  transform: translateY(-3px);\r\n  box-shadow: 0 8px 18px rgba(0, 0, 0, 0.07);\r\n}\r\n\r\n.partner-card-secondary a {\r\n  display: flex;\r\n  align-items: center;\r\n  justify-content: center;\r\n  width: 100%;\r\n  text-decoration: none;\r\n}\r\n\r\n.partner-card-secondary img {\r\n  max-width: 100%;\r\n  max-height: 62px;\r\n  width: auto;\r\n  height: auto;\r\n  object-fit: contain;\r\n  display: block;\r\n}\r\n\r\n@media (max-width: 1024px) {\r\n  .partner-grid-secondary {\r\n    grid-template-columns: repeat(3, minmax(0, 1fr));\r\n  }\r\n}\r\n\r\n@media (max-width: 767px) {\r\n  .partner-grid-secondary {\r\n    grid-template-columns: repeat(2, minmax(0, 1fr));\r\n    gap: 14px;\r\n  }\r\n\r\n  .partner-card-secondary {\r\n    min-height: 120px;\r\n    padding: 14px;\r\n  }\r\n\r\n  .partner-card-secondary img {\r\n    max-height: 52px;\r\n  }\r\n}\r\n\r\n@media (max-width: 480px) {\r\n  .partner-grid-secondary {\r\n    grid-template-columns: 1fr;\r\n  }\r\n}\r\n<\/style>\r\n\r\n<div class=\"partner-grid-secondary\">\r\n  <div class=\"partner-card-secondary\">\r\n    <a href=\"#\" target=\"_blank\" rel=\"noopener noreferrer\">\r\n      <img decoding=\"async\" src=\"https:\/\/www.cc.puv.fi\/~e2502579\/wordpress\/wp-content\/uploads\/2026\/03\/btbtransformers.png\" alt=\"BTB Transformers\">\r\n    <\/a>\r\n  <\/div>\r\n\r\n  <div class=\"partner-card-secondary\">\r\n    <a href=\"https:\/\/www.wulff.fi\/\" target=\"_blank\" rel=\"noopener noreferrer\">\r\n      <img decoding=\"async\" src=\"https:\/\/www.cc.puv.fi\/~e2502579\/wordpress\/wp-content\/uploads\/2026\/03\/wulff.png\" alt=\"Wulff\">\r\n    <\/a>\r\n  <\/div>\r\n\r\n  <div class=\"partner-card-secondary\">\r\n    <a href=\"https:\/\/unico.fi\/\" target=\"_blank\" rel=\"noopener noreferrer\">\r\n      <img decoding=\"async\" src=\"https:\/\/www.cc.puv.fi\/~e2502579\/wordpress\/wp-content\/uploads\/2026\/03\/unico.png\" alt=\"Unico\">\r\n    <\/a>\r\n  <\/div>\r\n\r\n  <div class=\"partner-card-secondary\">\r\n    <a href=\"https:\/\/www.worker.fi\/\" target=\"_blank\" rel=\"noopener noreferrer\">\r\n      <img decoding=\"async\" src=\"https:\/\/www.cc.puv.fi\/~e2502579\/wordpress\/wp-content\/uploads\/2026\/03\/worker.png\" alt=\"Worker\">\r\n    <\/a>\r\n  <\/div>\r\n\r\n  <div class=\"partner-card-secondary\">\r\n    <a href=\"https:\/\/www.radiovaasa.fi\/\" target=\"_blank\" rel=\"noopener noreferrer\">\r\n      <img decoding=\"async\" src=\"https:\/\/www.cc.puv.fi\/~e2502579\/wordpress\/wp-content\/uploads\/2026\/03\/radiovaasa.png\" alt=\"Radio Vaasa\">\r\n    <\/a>\r\n  <\/div>\r\n\r\n  <div class=\"partner-card-secondary\">\r\n    <a href=\"https:\/\/teonos.com\/\" target=\"_blank\" rel=\"noopener noreferrer\">\r\n      <img decoding=\"async\" src=\"https:\/\/www.cc.puv.fi\/~e2502579\/wordpress\/wp-content\/uploads\/2026\/03\/teonosoy.png\" alt=\"Teonos\">\r\n    <\/a>\r\n  <\/div>\r\n\r\n  <div class=\"partner-card-secondary\">\r\n    <a href=\"https:\/\/www.op.fi\/etusivu\" target=\"_blank\" rel=\"noopener noreferrer\">\r\n      <img decoding=\"async\" src=\"https:\/\/www.cc.puv.fi\/~e2502579\/wordpress\/wp-content\/uploads\/2026\/03\/osuuspankki.png\" alt=\"Osuuspankki\">\r\n    <\/a>\r\n  <\/div>\r\n\r\n  <div class=\"partner-card-secondary\">\r\n    <a href=\"https:\/\/wulffworks.fi\/\" target=\"_blank\" rel=\"noopener noreferrer\">\r\n      <img decoding=\"async\" src=\"https:\/\/www.cc.puv.fi\/~e2502579\/wordpress\/wp-content\/uploads\/2026\/03\/wulffworks.png\" alt=\"Wulff Works\">\r\n    <\/a>\r\n  <\/div>\r\n\r\n  <div class=\"partner-card-secondary\">\r\n    <a href=\"https:\/\/www.waasagraphics.fi\/\" target=\"_blank\" rel=\"noopener noreferrer\">\r\n      <img decoding=\"async\" src=\"https:\/\/www.cc.puv.fi\/~e2502579\/wordpress\/wp-content\/uploads\/2026\/03\/waasagraphics.png\" alt=\"Waasa Graphics Oy\">\r\n    <\/a>\r\n  <\/div>\r\n\r\n  <div class=\"partner-card-secondary\">\r\n    <a href=\"https:\/\/www.foodz.fi\/\" target=\"_blank\" rel=\"noopener noreferrer\">\r\n      <img decoding=\"async\" src=\"https:\/\/www.cc.puv.fi\/~e2502579\/wordpress\/wp-content\/uploads\/2026\/03\/foodzcorner.png\" alt=\"Foodzcorner\">\r\n    <\/a>\r\n  <\/div>\r\n\r\n  <div class=\"partner-card-secondary\">\r\n    <a href=\"https:\/\/www.ghotels.fi\/\" target=\"_blank\" rel=\"noopener noreferrer\">\r\n      <img decoding=\"async\" src=\"https:\/\/www.cc.puv.fi\/~e2502579\/wordpress\/wp-content\/uploads\/2026\/03\/ghotels.png\" alt=\"G Hotels\">\r\n    <\/a>\r\n  <\/div>\r\n\r\n  <div class=\"partner-card-secondary\">\r\n    <a href=\"https:\/\/www.vasek.fi\/\" target=\"_blank\" rel=\"noopener noreferrer\">\r\n      <img decoding=\"async\" src=\"https:\/\/www.cc.puv.fi\/~e2502579\/wordpress\/wp-content\/uploads\/2026\/03\/vasek.png\" alt=\"Vasek\">\r\n    <\/a>\r\n  <\/div>\r\n<\/div>\r\n\t\t\t\t<\/div>\n\t\t\t\t<\/div>\n\t\t\t\t\t<\/div>\n\t\t\t\t<\/div>\n\t\t<div class=\"elementor-element elementor-element-565288c e-flex e-con-boxed e-con e-parent\" data-id=\"565288c\" data-element_type=\"container\" data-e-type=\"container\">\n\t\t\t\t\t<div class=\"e-con-inner\">\n\t\t\t\t<div class=\"elementor-element elementor-element-9a62f4c elementor-widget elementor-widget-heading\" data-id=\"9a62f4c\" data-element_type=\"widget\" data-e-type=\"widget\" data-settings=\"{&quot;_animation&quot;:&quot;none&quot;}\" data-widget_type=\"heading.default\">\n\t\t\t\t<div class=\"elementor-widget-container\">\n\t\t\t\t\t<h2 class=\"elementor-heading-title elementor-size-default\">Tukijat<\/h2>\t\t\t\t<\/div>\n\t\t\t\t<\/div>\n\t\t\t\t<div class=\"elementor-element elementor-element-8508b6d elementor-widget-divider--view-line elementor-widget elementor-widget-divider\" data-id=\"8508b6d\" data-element_type=\"widget\" data-e-type=\"widget\" data-settings=\"{&quot;_animation&quot;:&quot;none&quot;}\" data-widget_type=\"divider.default\">\n\t\t\t\t<div class=\"elementor-widget-container\">\n\t\t\t\t\t\t\t<div class=\"elementor-divider\">\n\t\t\t<span class=\"elementor-divider-separator\">\n\t\t\t\t\t\t<\/span>\n\t\t<\/div>\n\t\t\t\t\t\t<\/div>\n\t\t\t\t<\/div>\n\t\t\t\t\t<\/div>\n\t\t\t\t<\/div>\n\t\t<div class=\"elementor-element elementor-element-5b5b72e e-grid e-con-boxed e-con e-parent\" data-id=\"5b5b72e\" data-element_type=\"container\" data-e-type=\"container\">\n\t\t\t\t\t<div class=\"e-con-inner\">\n\t\t\t\t<div class=\"elementor-element elementor-element-16b626f elementor-widget elementor-widget-text-editor\" data-id=\"16b626f\" data-element_type=\"widget\" data-e-type=\"widget\" data-widget_type=\"text-editor.default\">\n\t\t\t\t<div class=\"elementor-widget-container\">\n\t\t\t\t\t\t\t\t\t<p>Oy Axel Williamsson Ab<br \/>JSP-IT Solutions Oy<br \/>Wasarock Oy\/Ab<br \/>Toni Hahto Oy<br \/>A.Takala Oy<br \/>TMS Group Ab<br \/>Pohjanmaan Viem\u00e4ripalvelu Oy<br \/>Lateco-Botim Oy<br \/><br \/><\/p>\t\t\t\t\t\t\t\t<\/div>\n\t\t\t\t<\/div>\n\t\t\t\t<div class=\"elementor-element elementor-element-4245ad1 elementor-widget elementor-widget-text-editor\" data-id=\"4245ad1\" data-element_type=\"widget\" data-e-type=\"widget\" data-widget_type=\"text-editor.default\">\n\t\t\t\t<div class=\"elementor-widget-container\">\n\t\t\t\t\t\t\t\t\t<p>Laitehuolto Timo Rossi Oy<br \/>isoplus Suomi Oy<br \/>TikkiTeam Oy<br \/>EPV Energia Oy<br \/>Vaasan Ikkunateippaus Oy<br \/>Primica Oy<br \/>Containertrade &amp; Cargo Solutions Wasa Ltd Oy<br \/>Easy Test System Solutions Oy<\/p>\t\t\t\t\t\t\t\t<\/div>\n\t\t\t\t<\/div>\n\t\t\t\t<div class=\"elementor-element elementor-element-f18ce35 elementor-widget elementor-widget-text-editor\" data-id=\"f18ce35\" data-element_type=\"widget\" data-e-type=\"widget\" data-widget_type=\"text-editor.default\">\n\t\t\t\t<div class=\"elementor-widget-container\">\n\t\t\t\t\t\t\t\t\t<p>Oy Lakiasiat Jukka Vainio Ab<br \/>Lotus Demolition Oy<br \/>Oy KIHA-Team Vaasa &#8211; KIHA-Team Vasa Ab<br \/>Pohjanmaan Pinnoituspalvelut Oy<br \/>Sisustus-Nummi Pohjanmaa Oy<br \/>Savaco Oy<\/p>\t\t\t\t\t\t\t\t<\/div>\n\t\t\t\t<\/div>\n\t\t\t\t\t<\/div>\n\t\t\t\t<\/div>\n\t\t<div class=\"elementor-element elementor-element-caff47e e-flex e-con-boxed e-con e-parent\" data-id=\"caff47e\" data-element_type=\"container\" data-e-type=\"container\">\n\t\t\t\t\t<div class=\"e-con-inner\">\n\t\t\t\t<div class=\"elementor-element elementor-element-fb22639 elementor-widget elementor-widget-html\" data-id=\"fb22639\" data-element_type=\"widget\" data-e-type=\"widget\" data-widget_type=\"html.default\">\n\t\t\t\t<div class=\"elementor-widget-container\">\n\t\t\t\t\t<script>\r\ndocument.addEventListener(\"DOMContentLoaded\", function() {\r\n    \/\/ 1. Jos ollaan muokkaustilassa, lopetetaan heti\r\n    if (document.body.classList.contains('elementor-editor-active')) return;\r\n\r\n    const sections = document.querySelectorAll('.elementor-section, .e-con');\r\n    \r\n    \/\/ 2. Luodaan tarkkailija\r\n    const observer = new IntersectionObserver((entries) => {\r\n        entries.forEach(entry => {\r\n            if (entry.isIntersecting) {\r\n                entry.target.classList.add('is-visible');\r\n            }\r\n        });\r\n    }, { \r\n        threshold: 0.05,\r\n        rootMargin: \"0px 0px -50px 0px\" \r\n    });\r\n\r\n    \/\/ 3. K\u00e4yd\u00e4\u00e4n osiot l\u00e4pi\r\n    sections.forEach((section, index) => {\r\n        \/\/ J\u00e4tet\u00e4\u00e4n ensimm\u00e4inen osio (Hero) kokonaan animaation ulkopuolelle\r\n        if (index === 0) {\r\n            section.classList.add('is-visible');\r\n            return;\r\n        }\r\n\r\n        \/\/ Lis\u00e4t\u00e4\u00e4n animaatioluokka ja aloitetaan tarkkailu\r\n        section.classList.add('scroll-valmis');\r\n        observer.observe(section);\r\n    });\r\n});\r\n<\/script>\t\t\t\t<\/div>\n\t\t\t\t<\/div>\n\t\t\t\t\t<\/div>\n\t\t\t\t<\/div>\n\t\t\t\t<\/div>\n\t\t","protected":false},"excerpt":{"rendered":"<p>KUMPPANIT Toiminta rakentuu vahvalle yhteisty\u00f6lle Kumppanimme mahdollistavat naisten huippupes\u00e4pallon Vaasassa ja saavat samalla n\u00e4kyvyytt\u00e4, el\u00e4myksi\u00e4 ja paikallista vaikuttavuutta. P\u00e4\u00e4yhteisty\u00f6kumppanit Yhteisty\u00f6kumppanit [&hellip;]<\/p>\n","protected":false},"author":3,"featured_media":0,"parent":0,"menu_order":0,"comment_status":"closed","ping_status":"closed","template":"","meta":{"site-sidebar-layout":"no-sidebar","site-content-layout":"","ast-site-content-layout":"full-width-container","site-content-style":"unboxed","site-sidebar-style":"default","ast-global-header-display":"","ast-banner-title-visibility":"","ast-main-header-display":"","ast-hfb-above-header-display":"","ast-hfb-below-header-display":"","ast-hfb-mobile-header-display":"","site-post-title":"","ast-breadcrumbs-content":"","ast-featured-img":"","footer-sml-layout":"","ast-disable-related-posts":"","theme-transparent-header-meta":"","adv-header-id-meta":"","stick-header-meta":"","header-above-stick-meta":"","header-main-stick-meta":"","header-below-stick-meta":"","astra-migrate-meta-layouts":"default","ast-page-background-enabled":"default","ast-page-background-meta":{"desktop":{"background-color":"var(--ast-global-color-4)","background-image":"","background-repeat":"repeat","background-position":"center center","background-size":"auto","background-attachment":"scroll","background-type":"","background-media":"","overlay-type":"","overlay-color":"","overlay-opacity":"","overlay-gradient":""},"tablet":{"background-color":"","background-image":"","background-repeat":"repeat","background-position":"center center","background-size":"auto","background-attachment":"scroll","background-type":"","background-media":"","overlay-type":"","overlay-color":"","overlay-opacity":"","overlay-gradient":""},"mobile":{"background-color":"","background-image":"","background-repeat":"repeat","background-position":"center center","background-size":"auto","background-attachment":"scroll","background-type":"","background-media":"","overlay-type":"","overlay-color":"","overlay-opacity":"","overlay-gradient":""}},"ast-content-background-meta":{"desktop":{"background-color":"var(--ast-global-color-5)","background-image":"","background-repeat":"repeat","background-position":"center center","background-size":"auto","background-attachment":"scroll","background-type":"","background-media":"","overlay-type":"","overlay-color":"","overlay-opacity":"","overlay-gradient":""},"tablet":{"background-color":"var(--ast-global-color-5)","background-image":"","background-repeat":"repeat","background-position":"center center","background-size":"auto","background-attachment":"scroll","background-type":"","background-media":"","overlay-type":"","overlay-color":"","overlay-opacity":"","overlay-gradient":""},"mobile":{"background-color":"var(--ast-global-color-5)","background-image":"","background-repeat":"repeat","background-position":"center center","background-size":"auto","background-attachment":"scroll","background-type":"","background-media":"","overlay-type":"","overlay-color":"","overlay-opacity":"","overlay-gradient":""}},"footnotes":""},"class_list":["post-925","page","type-page","status-publish","hentry"],"_links":{"self":[{"href":"https:\/\/www.cc.puv.fi\/~e2502579\/wordpress\/wp-json\/wp\/v2\/pages\/925","targetHints":{"allow":["GET"]}}],"collection":[{"href":"https:\/\/www.cc.puv.fi\/~e2502579\/wordpress\/wp-json\/wp\/v2\/pages"}],"about":[{"href":"https:\/\/www.cc.puv.fi\/~e2502579\/wordpress\/wp-json\/wp\/v2\/types\/page"}],"author":[{"embeddable":true,"href":"https:\/\/www.cc.puv.fi\/~e2502579\/wordpress\/wp-json\/wp\/v2\/users\/3"}],"replies":[{"embeddable":true,"href":"https:\/\/www.cc.puv.fi\/~e2502579\/wordpress\/wp-json\/wp\/v2\/comments?post=925"}],"version-history":[{"count":184,"href":"https:\/\/www.cc.puv.fi\/~e2502579\/wordpress\/wp-json\/wp\/v2\/pages\/925\/revisions"}],"predecessor-version":[{"id":9324,"href":"https:\/\/www.cc.puv.fi\/~e2502579\/wordpress\/wp-json\/wp\/v2\/pages\/925\/revisions\/9324"}],"wp:attachment":[{"href":"https:\/\/www.cc.puv.fi\/~e2502579\/wordpress\/wp-json\/wp\/v2\/media?parent=925"}],"curies":[{"name":"wp","href":"https:\/\/api.w.org\/{rel}","templated":true}]}}