{"id":6564,"date":"2026-03-31T17:02:24","date_gmt":"2026-03-31T14:02:24","guid":{"rendered":"https:\/\/www.cc.puv.fi\/~e2502579\/wordpress\/?page_id=6564"},"modified":"2026-04-28T11:16:07","modified_gmt":"2026-04-28T08:16:07","slug":"liity-jaseneksi","status":"publish","type":"page","link":"https:\/\/www.cc.puv.fi\/~e2502579\/wordpress\/liity-jaseneksi\/","title":{"rendered":"Liity j\u00e4seneksi"},"content":{"rendered":"\t\t<div data-elementor-type=\"wp-page\" data-elementor-id=\"6564\" class=\"elementor elementor-6564\">\n\t\t\t\t<div class=\"elementor-element elementor-element-0069f90 e-con-full e-flex e-con e-parent\" data-id=\"0069f90\" data-element_type=\"container\" data-e-type=\"container\" data-settings=\"{&quot;background_background&quot;:&quot;classic&quot;}\">\n\t\t\t\t<div class=\"elementor-element elementor-element-15ee728 elementor-widget elementor-widget-heading\" data-id=\"15ee728\" data-element_type=\"widget\" data-e-type=\"widget\" data-widget_type=\"heading.default\">\n\t\t\t\t<div class=\"elementor-widget-container\">\n\t\t\t\t\t<h1 class=\"elementor-heading-title elementor-size-default\">SEURA<\/h1>\t\t\t\t<\/div>\n\t\t\t\t<\/div>\n\t\t\t\t<\/div>\n\t\t<div class=\"elementor-element elementor-element-08f6f28 e-flex e-con-boxed e-con e-parent\" data-id=\"08f6f28\" data-element_type=\"container\" data-e-type=\"container\">\n\t\t\t\t\t<div class=\"e-con-inner\">\n\t\t\t\t<div class=\"elementor-element elementor-element-f102162 elementor-widget elementor-widget-heading\" data-id=\"f102162\" data-element_type=\"widget\" data-e-type=\"widget\" data-widget_type=\"heading.default\">\n\t\t\t\t<div class=\"elementor-widget-container\">\n\t\t\t\t\t<h2 class=\"elementor-heading-title elementor-size-default\">Liity Mailattarien j\u00e4seneksi<\/h2>\t\t\t\t<\/div>\n\t\t\t\t<\/div>\n\t\t\t\t\t<\/div>\n\t\t\t\t<\/div>\n\t\t<div class=\"elementor-element elementor-element-8cfe613 e-flex e-con-boxed e-con e-parent\" data-id=\"8cfe613\" data-element_type=\"container\" data-e-type=\"container\">\n\t\t\t\t\t<div class=\"e-con-inner\">\n\t\t\t\t<div class=\"elementor-element elementor-element-d5cf478 elementor-widget elementor-widget-text-editor\" data-id=\"d5cf478\" data-element_type=\"widget\" data-e-type=\"widget\" data-widget_type=\"text-editor.default\">\n\t\t\t\t<div class=\"elementor-widget-container\">\n\t\t\t\t\t\t\t\t\t<p>\u00a0<\/p><p><em>Tule mukaan Mailattarien matkalle \u2013 liity j\u00e4seneksi!<\/em><\/p><p>Mailattaret ry:n j\u00e4senen\u00e4 olet osa yhteis\u00f6\u00e4, joka rakentaa tytt\u00f6jen ja naisten pes\u00e4pallon tulevaisuutta Vaasan seudulla. J\u00e4senyys on edellytys seurassa toimiville pelaajille ja valmentajille, mutta samalla avoin kaikille, jotka haluavat olla mukana tukemassa toimintaa.<\/p><p><strong>J\u00e4senen\u00e4:<\/strong><\/p><p style=\"padding-left: 40px;\">-Mahdollistat laadukasta ja tavoitteellista toimintaa<br \/>-Saat ensimm\u00e4isen\u00e4 tietoa seuran tapahtumista ja eduista<br \/>-P\u00e4\u00e4set vaikuttamaan yhdistyksen toimintaan<\/p><p><strong>Suomisport Mailattaret j\u00e4senet:<\/strong><\/p><p style=\"padding-left: 40px;\">&gt;&gt; <a href=\"https:\/\/www.suomisport.fi\/events\/75e41c27-077f-42a9-aac6-594630db04c0\" target=\"_blank\" rel=\"noopener\">Liity henkil\u00f6j\u00e4seneksi<\/a> (40 \u20ac)<\/p><p style=\"padding-left: 40px;\">&gt;&gt; <a href=\"https:\/\/www.suomisport.fi\/events\/1815b3dc-116c-420b-afb1-ddf904a7e4b3\" target=\"_blank\" rel=\"noopener\">Liity perhej\u00e4seneksi<\/a> (80 \u20ac) *<\/p><p style=\"padding-left: 40px;\">&gt;&gt; <a href=\"https:\/\/www.suomisport.fi\/events\/ac110517-9241-44bc-8f55-5c117c87b577\" target=\"_blank\" rel=\"noopener\">Liity kannattajaj\u00e4seneksi<\/a> (100 \u20ac)<\/p><p>Voit valita itsellesi mieluisimman maksutavan: verkkopankkimaksu, korttimaksu, Mobilepay, lasku.<\/p><p>My\u00f6s henkil\u00f6kohtainen liikuntaetu toimii maksuv\u00e4lineen\u00e4, lue ohje alta!<\/p><p><strong>*) Ohjeet perhej\u00e4senyys:<\/strong><\/p><p>Perhej\u00e4senyys on tarkoitettu huoltajalle \/ huoltajille ja alle 18-vuotiaille lapsille.<\/p><p><strong>1)<\/strong> J\u00e4senmaksun maksava perheenj\u00e4sen liittyy j\u00e4seneksi<\/p><p style=\"padding-left: 40px;\">&gt;&gt; <a href=\"https:\/\/www.suomisport.fi\/events\/1815b3dc-116c-420b-afb1-ddf904a7e4b3\" target=\"_blank\" rel=\"noopener\">Liity perhej\u00e4seneksi, maksun maksava j\u00e4sen<\/a><\/p><p><strong>2)<\/strong> Muut perheenj\u00e4senet liitet\u00e4\u00e4n erikseen<\/p><p style=\"padding-left: 40px;\">&gt;&gt; <a href=\"https:\/\/www.suomisport.fi\/events\/cf52494c-e54b-4c89-b9c8-b01a8c6bd5ac\" target=\"_blank\" rel=\"noopener\">Liity perhej\u00e4seneksi, perheen muut j\u00e4senet<\/a><\/p><p>Jos haluat maksaa j\u00e4senyyden <strong>henkil\u00f6kohtaisella liikuntaedulla<\/strong>, toimi n\u00e4in:<\/p><p>Ilmoita j\u00e4seneksi liittyess\u00e4 mit\u00e4 maksuv\u00e4linett\u00e4 k\u00e4yt\u00e4t: Edenred \/ Epassi \/ Smartum.<\/p><p>Maksa j\u00e4senmaksu sovelluksella omatoimisesti.<\/p><p><em>Pelaaja, valmentaja, huoltaja tai intohimoinen kannustaja \u2013 Mailattaret tarvitsee juuri sinua.<\/em><\/p><p><em>Liity mukaan ja rakennetaan yhdess\u00e4 vaasalaisen naispes\u00e4pallon vahva tulevaisuus.<\/em><\/p><p><strong>Lis\u00e4tietoja: info@mailattaret.fi<\/strong><\/p>\t\t\t\t\t\t\t\t<\/div>\n\t\t\t\t<\/div>\n\t\t\t\t\t<\/div>\n\t\t\t\t<\/div>\n\t\t<div class=\"elementor-element elementor-element-0d5ffc3 e-flex e-con-boxed e-con e-parent\" data-id=\"0d5ffc3\" data-element_type=\"container\" data-e-type=\"container\">\n\t\t\t\t\t<div class=\"e-con-inner\">\n\t\t\t\t<div class=\"elementor-element elementor-element-27fda2c elementor-widget elementor-widget-html\" data-id=\"27fda2c\" data-element_type=\"widget\" data-e-type=\"widget\" data-widget_type=\"html.default\">\n\t\t\t\t<div class=\"elementor-widget-container\">\n\t\t\t\t\t<script>\r\ndocument.addEventListener(\"DOMContentLoaded\", function() {\r\n    \/\/ 1. Jos ollaan muokkaustilassa, lopetetaan heti\r\n    if (document.body.classList.contains('elementor-editor-active')) return;\r\n\r\n    const sections = document.querySelectorAll('.elementor-section, .e-con');\r\n    \r\n    \/\/ 2. Luodaan tarkkailija\r\n    const observer = new IntersectionObserver((entries) => {\r\n        entries.forEach(entry => {\r\n            if (entry.isIntersecting) {\r\n                entry.target.classList.add('is-visible');\r\n            }\r\n        });\r\n    }, { \r\n        threshold: 0.05,\r\n        rootMargin: \"0px 0px -50px 0px\" \r\n    });\r\n\r\n    \/\/ 3. K\u00e4yd\u00e4\u00e4n osiot l\u00e4pi\r\n    sections.forEach((section, index) => {\r\n        \/\/ J\u00e4tet\u00e4\u00e4n ensimm\u00e4inen osio (Hero) kokonaan animaation ulkopuolelle\r\n        if (index === 0) {\r\n            section.classList.add('is-visible');\r\n            return;\r\n        }\r\n\r\n        \/\/ Lis\u00e4t\u00e4\u00e4n animaatioluokka ja aloitetaan tarkkailu\r\n        section.classList.add('scroll-valmis');\r\n        observer.observe(section);\r\n    });\r\n});\r\n<\/script>\t\t\t\t<\/div>\n\t\t\t\t<\/div>\n\t\t\t\t\t<\/div>\n\t\t\t\t<\/div>\n\t\t\t\t<\/div>\n\t\t","protected":false},"excerpt":{"rendered":"<p>SEURA Liity Mailattarien j\u00e4seneksi \u00a0 Tule mukaan Mailattarien matkalle \u2013 liity j\u00e4seneksi! Mailattaret ry:n j\u00e4senen\u00e4 olet osa yhteis\u00f6\u00e4, joka rakentaa [&hellip;]<\/p>\n","protected":false},"author":3,"featured_media":0,"parent":0,"menu_order":0,"comment_status":"closed","ping_status":"closed","template":"","meta":{"site-sidebar-layout":"no-sidebar","site-content-layout":"","ast-site-content-layout":"full-width-container","site-content-style":"default","site-sidebar-style":"default","ast-global-header-display":"","ast-banner-title-visibility":"","ast-main-header-display":"","ast-hfb-above-header-display":"","ast-hfb-below-header-display":"","ast-hfb-mobile-header-display":"","site-post-title":"","ast-breadcrumbs-content":"","ast-featured-img":"disabled","footer-sml-layout":"","ast-disable-related-posts":"","theme-transparent-header-meta":"","adv-header-id-meta":"","stick-header-meta":"","header-above-stick-meta":"","header-main-stick-meta":"","header-below-stick-meta":"","astra-migrate-meta-layouts":"default","ast-page-background-enabled":"default","ast-page-background-meta":{"desktop":{"background-color":"var(--ast-global-color-4)","background-image":"","background-repeat":"repeat","background-position":"center center","background-size":"auto","background-attachment":"scroll","background-type":"","background-media":"","overlay-type":"","overlay-color":"","overlay-opacity":"","overlay-gradient":""},"tablet":{"background-color":"","background-image":"","background-repeat":"repeat","background-position":"center center","background-size":"auto","background-attachment":"scroll","background-type":"","background-media":"","overlay-type":"","overlay-color":"","overlay-opacity":"","overlay-gradient":""},"mobile":{"background-color":"","background-image":"","background-repeat":"repeat","background-position":"center center","background-size":"auto","background-attachment":"scroll","background-type":"","background-media":"","overlay-type":"","overlay-color":"","overlay-opacity":"","overlay-gradient":""}},"ast-content-background-meta":{"desktop":{"background-color":"var(--ast-global-color-5)","background-image":"","background-repeat":"repeat","background-position":"center center","background-size":"auto","background-attachment":"scroll","background-type":"","background-media":"","overlay-type":"","overlay-color":"","overlay-opacity":"","overlay-gradient":""},"tablet":{"background-color":"var(--ast-global-color-5)","background-image":"","background-repeat":"repeat","background-position":"center center","background-size":"auto","background-attachment":"scroll","background-type":"","background-media":"","overlay-type":"","overlay-color":"","overlay-opacity":"","overlay-gradient":""},"mobile":{"background-color":"var(--ast-global-color-5)","background-image":"","background-repeat":"repeat","background-position":"center center","background-size":"auto","background-attachment":"scroll","background-type":"","background-media":"","overlay-type":"","overlay-color":"","overlay-opacity":"","overlay-gradient":""}},"footnotes":""},"class_list":["post-6564","page","type-page","status-publish","hentry"],"_links":{"self":[{"href":"https:\/\/www.cc.puv.fi\/~e2502579\/wordpress\/wp-json\/wp\/v2\/pages\/6564","targetHints":{"allow":["GET"]}}],"collection":[{"href":"https:\/\/www.cc.puv.fi\/~e2502579\/wordpress\/wp-json\/wp\/v2\/pages"}],"about":[{"href":"https:\/\/www.cc.puv.fi\/~e2502579\/wordpress\/wp-json\/wp\/v2\/types\/page"}],"author":[{"embeddable":true,"href":"https:\/\/www.cc.puv.fi\/~e2502579\/wordpress\/wp-json\/wp\/v2\/users\/3"}],"replies":[{"embeddable":true,"href":"https:\/\/www.cc.puv.fi\/~e2502579\/wordpress\/wp-json\/wp\/v2\/comments?post=6564"}],"version-history":[{"count":64,"href":"https:\/\/www.cc.puv.fi\/~e2502579\/wordpress\/wp-json\/wp\/v2\/pages\/6564\/revisions"}],"predecessor-version":[{"id":9320,"href":"https:\/\/www.cc.puv.fi\/~e2502579\/wordpress\/wp-json\/wp\/v2\/pages\/6564\/revisions\/9320"}],"wp:attachment":[{"href":"https:\/\/www.cc.puv.fi\/~e2502579\/wordpress\/wp-json\/wp\/v2\/media?parent=6564"}],"curies":[{"name":"wp","href":"https:\/\/api.w.org\/{rel}","templated":true}]}}